.
27
Let p(s) = -9*s + 3*s + 53 - 12 + 2. Let u be p(6). Let b(v) = 2*v**3 - 11*v**2 + 8*v - 14. Let h be b(u). What is the highest common divisor of h and 21?
21
Suppose 338 + 2222 = 64*z. Let f be ((-128)/(-20))/((-4)/(-50)). What is the highest common factor of f and z?
40
Let y be 3/2*36/18. Suppose -r = -4*a - 33, -132 = -4*r - 0*a - y*a. Let u be (22*1)/(2/21). Calculate the highest common divisor of u and r.
33
Let y = 10745 + -10493. What is the greatest common divisor of 5628 and y?
84
Let m(d) = -d**2 + 7*d + 62. Let z be m(-5). Suppose -3*l + 0*l = z*q - 281, 4*q - 380 = -4*l. Calculate the highest common factor of l and 14.
7
Suppose 48*z - 55*z + 56 = 0. Suppose 3*f = 0, z*f = 2*u + 6*f - 290. Calculate the highest common divisor of u and 116.
29
Let m = -247 - -146. Let o = -91 - m. Let y be (0 + o)/(-4*4/(-64)). Calculate the highest common divisor of y and 20.
20
Let o(b) = 35*b**3 + 1. Let i be o(-1). Let g = i - -89. Suppose -5*j - 14 = 5*w - 99, 83 = 4*w + j. Calculate the highest common factor of w and g.
11
Let m(t) = -301*t - 225. Let y be m(-20). Calculate the highest common factor of y and 190.
95
Suppose -252*z + 236*z = -3952. Calculate the greatest common divisor of 221 and z.
13
Let f be (-233480)/(-780) - (-4)/6. Calculate the highest common divisor of f and 276.
12
Let u = -92 + 116. Let m(n) = -17*n + 101. Let l be m(5). Calculate the greatest common divisor of u and l.
8
Suppose 0 = -12*i - 5*i + 23647. Suppose 2335 = 5*d - 5*g, 3*d - 3*g + 2*g = i. Calculate the greatest common divisor of d and 66.
66
Let v be (-14)/7*(-15)/2. Suppose 2*q - 34 = 2*w, w + 282 = 3*q + 235. Calculate the greatest common factor of q and v.
15
Let w = -47 + 177. Let b = 32 + -38. Let n be (4/(-3))/(b/117). Calculate the highest common factor of w and n.
26
Let p(l) = 96*l - 14. Suppose 13*r - 16 = 9*r. Let f be p(r). What is the greatest common factor of 10 and f?
10
Let g be ((-2)/(-6)*1)/(31/372). Suppose -g*h = -9*h + 20. Suppose -3*k - q = -56, -6*k + h*q - 3 = -5*k. What is the greatest common divisor of k and 1?
1
Let z be 1 + -1 + (-12 - (1 + 2)). Let x = z + 18. Let k be (x - -2)/5 + 35. Calculate the highest common factor of k and 12.
12
Let v = 48 - 51. Let l be 5/2*(-6)/v. Suppose l = o, 4*x = 5*o + 71 + 416. Calculate the greatest common divisor of 16 and x.
16
Let k = -544 + 1064. Let c be (4784/k)/((-1)/(-5)). Let r be (-1517)/(-3) - 2/(-6). Calculate the highest common divisor of c and r.
46
Let b be -2*2/54 + 7558720/49059. Calculate the greatest common factor of b and 35.
7
Let a be (8/6)/(8/156). Let v(n) be the third derivative of -5*n**4/24 - 17*n**3/3 + 6*n**2 + 8. Let p be v(-12). What is the highest common factor of p and a?
26
Let h be -1 + ((-60)/2)/(-2). Let t be (-4)/18 - 4826/(-171). Suppose 168 + t = 2*j. What is the greatest common factor of j and h?
14
Let p(u) = u**3 - 12*u**2 - 70*u + 141. Let b be p(16). Calculate the highest common factor of b and 25335.
45
Let i be (-150)/35 - -4 - (-8 + 5805/(-7)). What is the greatest common divisor of i and 651?
93
Let j(t) = -t**2 - 21*t - 66. Let y be 82/(-10) - ((-88)/40 - -2). Let n be j(y). What is the greatest common divisor of 190 and n?
38
Suppose 103*s - 2566 + 1485 = 6335. Calculate the highest common divisor of s and 1800.
72
Let k = -6 + 10. Suppose -k*o = -2*o - y - 19, 25 = 5*y. Suppose 0 = 9*t + 921 - 2541. Calculate the highest common divisor of o and t.
12
Let c = 12441 - 12389. What is the highest common factor of 11908 and c?
52
Let t(s) = -s**3 + 11*s**2 - 12*s + 24. Let v be -3 + (1708/24 - 1/6). Suppose 7*l - v = 2. Let a be t(l). Calculate the highest common factor of a and 44.
4
Suppose 4*z - 2*t = 714, 2*t = -2*z + 497 - 155. What is the greatest common divisor of 66 and z?
22
Let r be (-4)/(-14) - 416/(-14). Let z = -9585 + 9588. What is the highest common factor of r and z?
3
Let v(d) = 864*d**2 + 568*d + 568. Let o be v(-1). What is the greatest common factor of o and 160?
32
Let h be ((-18)/15 - (-2)/10) + 3. Let p be h/((-8)/(-3) + -2). Let n be (9/6 + 0)/(p/416). Calculate the greatest common divisor of n and 13.
13
Let c(v) = v**2 + 30*v + 27. Let k be c(-29). Let r be 27/54 + (-129)/k. What is the highest common factor of 520 and r?
65
Let q = 1258 - 1223. Let p(v) = -12*v - 3. Let i be p(-2). Calculate the greatest common divisor of q and i.
7
Suppose -6*l + 36*l - 6960 = l. What is the greatest common divisor of 320 and l?
80
Let q be -7 + 7155/36 - 1/(-4). Calculate the greatest common factor of 10848 and q.
96
Let t be 70*(-13)/((-221)/17). What is the highest common factor of t and 1010?
10
Let y = 354 + -159. Suppose a + 8 = 3*a. Suppose -2*l + a*h - 133 = -5*l, -h = -4. What is the highest common factor of l and y?
39
Suppose p + 12*p - 4800 = -3*p. What is the greatest common factor of 636 and p?
12
Let i(s) = -2*s**3 - 2*s**2 + 4*s + 1. Let g be i(-3). Let r(n) = 3*n - 47. Let c be r(g). What is the greatest common factor of c and 35?
7
Let l be 1497/(-3) - 2*-1. Let o = -341 - l. Let c(a) = -a**3 + 23*a**2 + 1349*a + 62. Let d be c(50). What is the greatest common divisor of d and o?
12
Let u be (0 - -744) + (21 - 30). Calculate the greatest common factor of u and 555.
15
Let b = 9295 - 9035. What is the highest common factor of 80 and b?
20
Suppose x = 2*r + 15, x + 2*r - 15 = -3*r. What is the highest common divisor of 3495 and x?
15
Suppose 9983 = 50*d - 7667. Let b = -347 + d. What is the highest common divisor of b and 16?
2
Let m = 2459 + 549. Calculate the highest common divisor of m and 47.
47
Suppose -12 = c + 8. Let b be c/(-15)*66/4. Let u = -8183 + 8293. Calculate the greatest common factor of b and u.
22
Suppose -846 = s + 5*c - 5351, s = 5*c + 4525. Calculate the greatest common factor of 15 and s.
15
Suppose -26*i + 30*i = 5*c - 3160, 4*i = 20. Calculate the greatest common divisor of c and 12.
12
Let j(r) = -50*r + 50. Let p be j(-2). Let g = p + -134. Calculate the highest common divisor of 16 and g.
16
Let o be (-21)/(-12) - (-8)/32. Let d(a) = -11*a**2 + 5*a + 12*a**o - 2*a**2 + 1. Let v be d(2). Calculate the highest common factor of 7 and v.
7
Suppose 5*z - 20 = 0, -3*q + z + 7715 = -0*z. Calculate the greatest common factor of 31 and q.
31
Suppose -54*m + 738 = -36*m. Suppose 44*f - m*f = 84. What is the greatest common divisor of 196 and f?
28
Suppose 5*z = p - 33, -3*p = -p - 4*z - 54. Let q be 682 + 374 + 1*2. Calculate the greatest common factor of q and p.
23
Suppose 3*z = 5*z - 74. Let c(w) = -41*w + 13. Suppose 0 = -5*n - 30. Let q be c(n). Calculate the greatest common factor of z and q.
37
Suppose -2*q + 9 = 45. Let s be -3 - -10 - (q - -1). Calculate the greatest common divisor of 384 and s.
24
Let j be (6 - 945/36)/((-3)/12). Suppose 5*t - 184 = t. Suppose -u + 4*h = -4*u + t, 3*u - j = 3*h. What is the greatest common divisor of 110 and u?
22
Let a(x) = -288*x - 284. Let u be a(-3). What is the greatest common factor of 340 and u?
20
Let h be (-126*(-38)/513)/((-2)/(-66)). Calculate the greatest common divisor of h and 1288.
28
Let c = -252 + 270. Let a be 3/(2/(3 + c + -1)). What is the highest common factor of 48 and a?
6
Let u = 34 + 65. Let n be (36 + 0)/(24/2*47/282). Calculate the highest common divisor of u and n.
9
Let z be (-1)/5 - 4/(-20). Suppose z = 4*c - 82 - 50. Suppose 4*d + c = q + 153, -120 = -4*d - q. Calculate the highest common factor of d and 105.
15
Let a be 172 - 5*(4 + (-4 - -1)). Let o = a + -80. What is the greatest common divisor of o and 3?
3
Let i(t) = -t + 31. Let d be i(15). Let a be (-3)/((-6)/20)*(44 - 42). Calculate the greatest common divisor of a and d.
4
Suppose -2*g = 23 - 71. Let b(h) = -2*h + 78. Let a(t) = 5*t + 11. Let i be a(4). Let l be b(i). What is the highest common factor of l and g?
8
Suppose 180 = 5*f - 20. Let a = f - 38. Let l be 2*23/a + 3/(-3). Calculate the highest common divisor of l and 22.
22
Let q be (-1 - 65/(-91))*-140. What is the greatest common factor of 280 and q?
40
Suppose -121 = 7*k - 8*k. Let j = k - 57. What is the highest common factor of 256 and j?
64
Let j be ((-406)/42 - -9) + (-902)/(-3). What is the highest common divisor of j and 60?
60
Let m = 117 + -138. Let j = m + 31. Suppose t + j*t = 1782. Calculate